v(1).
3
Let q(f) = -f**3 + 8*f**2 - 8*f + 17. Determine q(7).
10
Let w(f) = f**3 + 29*f**2 - 28*f + 50. Calculate w(-30).
-10
Let p(w) = w**2 + 30*w + 130. Calculate p(-25).
5
Let c(u) = -u**2 + 11*u - 8. Give c(10).
2
Let l(f) = -9*f**3 - f**2 - 8*f + 9. Calculate l(1).
-9
Let i(u) = 7*u - 126. What is i(17)?
-7
Let x(w) = w**3 - 9*w**2 + 6*w - 1. What is x(8)?
-17
Let o(p) = 5*p**2 - 103*p + 58. Give o(20).
-2
Let b(g) = -g + 10. Determine b(-6).
16
Let b(h) = -h**3 - 10*h**2 - 21*h - 12. What is b(-8)?
28
Let m(y) = 6*y - 5. Give m(2).
7
Let u(f) = 23*f - 46. Determine u(2).
0
Let l(p) = 4*p**2 - 73*p - 46. Give l(19).
11
Let c(h) = 2*h**2 - 48*h - 361. Determine c(30).
-1
Let v(r) = r - 21. Give v(-12).
-33
Let r(u) = -u + 16. What is r(9)?
7
Let m(t) = -t**3 - 19*t**2 + 17*t - 61. Calculate m(-20).
-1
Let q(i) = -7*i**2 - 16*i + 4. Calculate q(-3).
-11
Let f(m) = m**2 + 6*m - 17. What is f(0)?
-17
Let j(l) = -l**2 - 5*l - 1. Calculate j(-3).
5
Let o(m) = -15*m**2 + 12*m + 19. Give o(-2).
-65
Let k(p) = p**2 - 23*p - 43. What is k(25)?
7
Let q(w) = 3*w**2 - 8*w - 29. Give q(-7).
174
Let w(b) = -b**2 - 28*b + 577. Determine w(14).
-11
Let p(j) = j**2 - 9*j - 20. Determine p(10).
-10
Let t(h) = -h**2 + 11*h + 9. What is t(10)?
19
Let q(o) = -o**2 - 31*o + 43. Calculate q(-32).
11
Let d(k) = 3*k - 3. Determine d(-4).
-15
Let u(w) = -5*w**3. Determine u(-1).
5
Let d(g) = -14*g - 1. Determine d(1).
-15
Let s(u) = 3*u**3 - 2*u**2 + 2*u - 1. Determine s(1).
2
Let m(f) = f**3 + 4*f**2 - 9*f - 8. What is m(-5)?
12
Let p(c) = -6*c - 54. Give p(-8).
-6
Let y(v) = v**3 + 6*v**2 + v - 2. Give y(-4).
26
Let l(a) = a**3 - 9*a**2 - 8*a - 12. What is l(10)?
8
Let f(l) = -19*l - 6. What is f(-1)?
13
Let z(v) = v - 13. Calculate z(-11).
-24
Let h(j) = -j + 13. Calculate h(4).
9
Let g(p) = -6*p**2 + p + 2. Calculate g(-1).
-5
Let g(z) = z**3 + 17*z**2 + 19*z + 33. Determine g(-16).
-15
Let k(s) = -3*s**3 - 6*s**2 + 7*s. Give k(-3).
6
Let j(l) = -5*l + 13. What is j(3)?
-2
Let z(s) = s**3 - 16*s**2 + 14*s + 20. Calculate z(15).
5
Let q(a) = -a**3 + 35*a**2 - 68*a + 57. Determine q(33).
-9
Let j(g) = -4*g**2 - 2*g + 3. Calculate j(-4).
-53
Let q(y) = y**2 - 2*y + 5. Determine q(4).
13
Let j(z) = -z - 17. Give j(8).
-25
Let u(v) = -v**3 + 7*v**2 - 9*v + 5. Calculate u(6).
-13
Let u(d) = d**3 + 4*d**2 - 6*d - 4. Determine u(-4).
20
Let p(i) = -27*i - 270. What is p(-10)?
0
Let z(u) = u + 46. Give z(-19).
27
Let z(m) = 8*m**2 + 4*m + 1. Give z(-1).
5
Let r(x) = -4*x**3 + 3*x**2 - 4*x + 2. Calculate r(2).
-26
Let m(j) = 2*j**3 + 8*j**2 - 3*j - 23. Calculate m(-6).
-149
Let t(m) = 17*m. Determine t(1).
17
Let t(u) = 2*u**2 + 31*u. Give t(-15).
-15
Let j(x) = 2*x**3 - 5*x**2 + 3*x - 1. Calculate j(3).
17
Let p(c) = c**3 + 2*c**2 - 4*c - 5. Determine p(-3).
-2
Let t(r) = 13*r - 3. Determine t(4).
49
Let r(c) = 3*c**3 - 6*c**2 - 10*c - 1. Give r(-2).
-29
Let z(f) = f**3 - 10*f**2 + 11*f + 13. Calculate z(9).
31
Let n(h) = h**3 - 14*h**2 - 15*h + 18. Determine n(15).
18
Let d(o) = -26*o**2 - 2*o + 1. What is d(1)?
-27
Let k(o) = o - 2. What is k(-8)?
-10
Let z(v) = -3*v**2 - 3*v + 33. Calculate z(-4).
-3
Let j(f) = f**2 - 6*f - 4. Determine j(8).
12
Let g(t) = 4*t**2 + 12*t - 45. What is g(3)?
27
Let v(r) = 7*r + 11. Give v(9).
74
Let g(y) = -y + 7. Give g(10).
-3
Let r(p) = -12*p - 8. Calculate r(-6).
64
Let f(k) = 3*k + 8. What is f(-3)?
-1
Let f(b) = b + 4. Calculate f(5).
9
Let l(h) = h**2 - 31*h + 36. Give l(30).
6
Let g(h) = -h**3 - 11*h**2 + 5*h + 5. Give g(-11).
-50
Let k(a) = -a**3 - 7*a**2 + 18*a - 9. Give k(-9).
-9
Let f(b) = 5*b + 34. Determine f(-7).
-1
Let i(q) = 15*q - 19. Determine i(-2).
-49
Let q(c) = -10*c**2 - c + 6. What is q(-2)?
-32
Let t(b) = -b**3 + 12*b**2 - 11*b + 8. Calculate t(11).
8
Let l(d) = -d**3 + 16*d**2 - 13*d - 23. Give l(15).
7
Let w(i) = -i - 3. Give w(8).
-11
Let l(d) = 3*d**2 - 43*d + 53. Calculate l(13).
1
Let d(k) = -2*k**3 + 3*k**2 + 3*k + 2. What is d(-2)?
24
Let u(f) = f**3 + 8*f**2 - 2*f - 6. Determine u(-8).
10
Let z(n) = 2*n**3 - 13*n**2 - 8*n + 10. What is z(7)?
3
Let n(x) = 3*x + 34. Determine n(-3).
25
Let u(l) = -l**3 - 8*l**2 + l + 2. Give u(-8).
-6
Let d(r) = r - 5. Determine d(9).
4
Let y(o) = o**3 + 15*o**2 - 14*o + 34. Determine y(-16).
2
Let d(m) = -5*m - 1. Calculate d(-8).
39
Let m(s) = -s**2 + 1. What is m(0)?
1
Let m(q) = -5*q - 6. What is m(-3)?
9
Let u(y) = -y**3 - 6*y**2 - 2*y + 4. Give u(-5).
-11
Let r(g) = -6*g - 73. What is r(-11)?
-7
Let m(u) = u**2 - 19*u - 6. What is m(0)?
-6
Let y(f) = -2*f**2 + 9*f + 10. What is y(5)?
5
Let n(w) = w**3 - 9*w**2 + 12*w - 13. Calculate n(8).
19
Let b(o) = o**3 - 13*o**2 - 13*o - 12. Calculate b(14).
2
Let m(x) = x + 31. Give m(-27).
4
Let f(g) = -2*g**2 + 6*g + 12. Give f(6).
-24
Let j(k) = -8*k + 2. Calculate j(2).
-14
Let i(y) = 7*y**3 + 2*y**2. Calculate i(2).
64
Let y(a) = a**3 - 32*a**2 + 9*a - 280. Determine y(32).
8
Let i(l) = -14*l + 99. Give i(7).
1
Let s(n) = n**2 - 33*n - 3. Give s(32).
-35
Let x(t) = -2*t**2 - 25*t + 42. Calculate x(-14).
0
Let q(y) = -y**2 + 7*y + 24. What is q(10)?
-6
Let p(i) = -3*i + 35. Determine p(16).
-13
Let u(v) = -2*v - 20. Calculate u(-9).
-2
Let p(a) = -a**2 - 11*a + 2. What is p(-11)?
2
Let m(q) = -q - 11. Give m(8).
-19
Let b(m) = -m**3 + 6*m**2 + 5*m + 14. What is b(7)?
0
Let r(i) = -i**2 + 5*i - 3. Give r(7).
-17
Let t(i) = -7*i - 45. Calculate t(-9).
18
Let o(s) = 3*s**2 + 13. Determine o(5).
88
Let v(b) = -6*b**2 + 3*b. Calculate v(2).
-18
Let a(k) = 2*k**3 + 9*k**2 + 25*k + 12. Give a(-5).
-138
Let i(g) = g**3 + 7*g**2 + 2*g + 3. What is i(-5)?
43
Let t(u) = -u - 1. Determine t(-3).
2
Let c(s) = -s**2 + 4*s + 13. Give c(6).
1
Let q(a) = -10*a - 36. What is q(-5)?
14
Let v(d) = 37*d + 4. Determine v(-1).
-33
Let k(s) = 13*s**3 - s**2 - 2*s - 1. Determine k(-1).
-13
Let v(p) = -p - 23. Calculate v(0).
-23
Let j(r) = r**2 + 3*r - 27. What is j(-7)?
1
Let c(u) = u**3 - 5*u**2 - 14*u + 12. Determine c(7).
12
Let u(m) = -m**3 - 3*m**2 + 5*m + 5. Calculate u(-4).
1
Let r(x) = 22*x + 16. What is r(-1)?
-6
Let q(k) = -k**2 + 14*k + 18. Determine q(16).
-14
Let j(l) = l**3 + l**2 + 1. Calculate j(-2).
-3
Let b(a) = -a**3 + 14*a**2 + a - 14. What is b(14)?
0
Let a(l) = -2*l + 59. Determine a(-10).
79
Let n(w) = w**2 + 15*w + 52. What is n(-8)?
-4
Let f(w) = 2*w**3 - 11*w**2 + 18*w - 79. Give f(5).
-14
Let d(s) = -2*s**2 - 11*s - 11. What is d(-1)?
-2
Let t(j) = j**2 - j. Determine t(10).
90
Let s(i) = i**3 + 4*i**2 - 3*i + 11. What is s(-5)?
1
Let a(h) = -3*h + 23. Give a(6).
5
Let i(y) = y**3 - 13*y**2 - 4*y + 3. Give i(4).
-157
Let j(v) = -v**3 - 14*v**2 + 12*v - 46. Give j(-15).
-1
Let j(w) = -w**3 + 7*w**2 - 5*w - 2. Give j(6).
4
Let x(b) = -b**2 + 9*b - 7. What is x(2)?
7
Let t(g) = g + 10. What is t(-9)?
1
Let c(l) = l - 29. What is c(17)?
-12
Let c(p) = -p**3 - 3*p**2 + 2*p + 10. Determine c(0).
10
Let k(s) = -s**3 - 8*s**2 - 11*s + 4. Calculate k(-4).
-16
Let g(f) = -f**2 + f + 10. Give g(-7).
-46
Let n(o) = -o**3 - 9*o**2 + 6*o - 14. Give n(-10).
26
Let q(k) = -k**2 + 4*k + 27. Calculate q(8).
-5
Let i(h) = 13*h - 37. Give i(13).
132
Let n(l) = -65*l**2 - 1. What is n(1)?
-66
Let f(c) = -3*c. Determine f(5).
-15
Let k(t) = t**3 + 8*t**2 - 12*t. Give k(-9).
27
Let a(j) = -2*j - 21. What is a(-6)?
-9
Let y(i) = i**3 + i**2 - 3*i + 3. What is y(-3)?
-6
Let l(w) = 4*w + 2. Calculate l(4).
18
Let u(w) = -60*w - 291. What is u(-5)?
9
Let v(l) = -l**2 + 3*l. What is v(4)?
-4
Let v(t) = -t**2 - 50*t - 239. Give v(-45).
-14
Let r(o) = -2*o**3 - 10*o**2 - 2*o + 19. Calculate r(-3).
-11
Let a(k) = 4*k**2 - 36*k - 84. What is a(11)?
4
Let d(b) = -11*b + 124. Determine d(10).
14
Let m(u) = -12*u + 95. What is m(6)?
23
Let u(q) = -q**2 - 2*q + 14. What is u(-8)?
-34
Let i(y) = 76*y - 156. Calculate i(2).
-4
Let d(f) = f - 17. Give d(23).
6
Let k(c) = c**3 + c**2 - 2*c - 2. Calculate k(-2).
-2
Let v(u) = -u**3 - 16*u**2 - 5*u + 16. Give v(-16).
96
Let n(l) = l**2 - 6*l - 52. Give n(-5).
3
Let x(p) = 3*p**2 - 29*p + 17. What is x(9)?
-1
Let y(p) = -2*p**2 + 4. Determine y(-3).
-14
Let f(o) = 5*o**2 - 22*o - 51. Determine f(6).
-3
Let h(o) = 2*o**3 - o**2 + o - 3. Give h(0).
-3
Let o(t) = -t**2 + 24*t - 26. What is o(23)?
-3
Let d(p